atest common divisor of 3465 and 55?
55
What is the highest common divisor of 1596 and 1425?
57
What is the highest common divisor of 5 and 215?
5
What is the greatest common divisor of 1014 and 12?
6
What is the greatest common factor of 143 and 26?
13
Calculate the greatest common factor of 24 and 1284.
12
What is the greatest common factor of 9 and 423?
9
Calculate the greatest common divisor of 420 and 15.
15
Calculate the highest common divisor of 24 and 108.
12
Calculate the highest common factor of 3052 and 7.
7
What is the greatest common factor of 4 and 124?
4
What is the greatest common divisor of 16 and 2896?
16
Calculate the greatest common divisor of 480 and 64.
32
Calculate the greatest common divisor of 328 and 123.
41
What is the highest common factor of 64 and 288?
32
Calculate the greatest common factor of 962 and 592.
74
What is the greatest common factor of 689 and 265?
53
Calculate the highest common factor of 11 and 33.
11
Calculate the greatest common divisor of 7630 and 560.
70
What is the highest common divisor of 24 and 138?
6
Calculate the greatest common factor of 187 and 11.
11
What is the highest common factor of 39 and 156?
39
What is the greatest common divisor of 48 and 732?
12
What is the greatest common divisor of 2675 and 1177?
107
What is the highest common factor of 120 and 200?
40
What is the greatest common factor of 357 and 255?
51
Calculate the highest common divisor of 5 and 4385.
5
Calculate the greatest common divisor of 131 and 262.
131
What is the highest common factor of 23377 and 194?
97
Calculate the greatest common factor of 522 and 232.
58
Calculate the greatest common divisor of 240 and 1560.
120
Calculate the greatest common divisor of 63 and 45381.
21
What is the highest common factor of 16 and 630?
2
Calculate the greatest common factor of 100 and 40.
20
Calculate the greatest common divisor of 24 and 132.
12
Calculate the highest common factor of 192 and 624.
48
What is the highest common divisor of 90 and 36?
18
What is the greatest common factor of 12 and 120852?
12
Calculate the greatest common divisor of 9 and 891.
9
What is the greatest common factor of 60 and 204?
12
What is the greatest common factor of 105 and 7945?
35
What is the highest common factor of 783 and 116?
29
What is the highest common divisor of 6 and 1182?
6
Calculate the highest common divisor of 328 and 8.
8
What is the greatest common divisor of 497 and 3053?
71
What is the greatest common factor of 405 and 90?
45
What is the greatest common factor of 41 and 1640?
41
What is the greatest common divisor of 248 and 88?
8
What is the highest common divisor of 32940 and 20?
20
Calculate the highest common divisor of 33 and 231.
33
What is the highest common factor of 330 and 264?
66
Calculate the highest common factor of 13 and 104.
13
What is the greatest common divisor of 2810 and 2529?
281
Calculate the highest common divisor of 11 and 3.
1
Calculate the greatest common divisor of 351 and 312.
39
Calculate the highest common factor of 15 and 705.
15
Calculate the highest common factor of 152 and 64.
8
Calculate the highest common factor of 304 and 112.
16
What is the highest common divisor of 15 and 15?
15
Calculate the highest common divisor of 2 and 16.
2
Calculate the greatest common divisor of 85 and 32895.
85
What is the greatest common factor of 1925 and 220?
55
Calculate the highest common divisor of 198 and 2046.
66
Calculate the highest common divisor of 2231 and 92.
23
What is the greatest common divisor of 54 and 108?
54
What is the greatest common divisor of 1986 and 6?
6
What is the greatest common divisor of 171 and 6080?
19
What is the highest common factor of 808 and 40?
8
What is the greatest common factor of 2 and 3?
1
What is the greatest common divisor of 5423 and 136?
17
What is the highest common divisor of 21 and 24612?
21
What is the highest common divisor of 58 and 58?
58
What is the highest common divisor of 24 and 120?
24
Calculate the highest common divisor of 126 and 54.
18
What is the greatest common divisor of 34 and 850?
34
Calculate the greatest common divisor of 845 and 1352.
169
What is the highest common factor of 50 and 6050?
50
Calculate the greatest common divisor of 18 and 1146.
6
Calculate the highest common factor of 14922 and 45.
9
Calculate the greatest common divisor of 720 and 28.
4
What is the greatest common divisor of 2 and 1?
1
Calculate the greatest common divisor of 3199 and 7.
7
Calculate the highest common factor of 4664 and 24.
8
Calculate the greatest common divisor of 16 and 2032.
16
What is the greatest common divisor of 36 and 1422?
18
Calculate the highest common divisor of 69 and 138.
69
Calculate the greatest common divisor of 238 and 4352.
34
What is the greatest common factor of 737 and 11?
11
What is the highest common factor of 23 and 115?
23
Calculate the highest common divisor of 165 and 15.
15
Calculate the highest common divisor of 702 and 26.
26
What is the highest common factor of 2967 and 138?
69
Calculate the greatest common divisor of 120 and 576.
24
Calculate the highest common divisor of 6625 and 1125.
125
What is the highest common divisor of 26 and 2158?
26
What is the highest common divisor of 20 and 380?
20
What is the highest common divisor of 77 and 11?
11
What is the greatest common divisor of 5852 and 112?
28
Calculate the greatest common divisor of 68 and 12.
4
Calculate the highest common factor of 124 and 7564.
124
What is the greatest common factor of 75 and 690?
15
What is the greatest common divisor of 8 and 268?
4
Calculate the greatest common factor of 9350 and 300.
50
Calculate the highest common factor of 2768 and 16.
16
What is the greatest common factor of 7 and 679?
7
Calculate the highest common divisor of 17 and 61.
1
What is the greatest common divisor of 8 and 128?
8
Calculate the greatest common factor of 464 and 638.
58
Calculate the highest common factor of 13 and 1118.
13
Calculate the greatest common divisor of 13 and 104.
13
Calculate the greatest common factor of 8 and 762.
2
Calculate the highest common divisor of 31 and 403.
31
Calculate the highest common divisor of 16 and 1216.
16
Calculate the highest common divisor of 1702 and 74.
74
What is the greatest common factor of 621 and 391?
23
Calculate the greatest common divisor of 321 and 120696.
321
Calculate the greatest common divisor of 189 and 56.
7
Calculate the highest common factor of 65 and 10.
5
What is the greatest common divisor of 20358 and 26?
26
Calculate the highest common factor of 36 and 2220.
12
What is the greatest common factor of 14 and 1?
1
Calculate the highest common factor of 1633 and 1988.
71
What is the highest common divisor of 19 and 133?
19
What is the greatest common factor of 364 and 3913?
91
What is the highest common factor of 9 and 9201?
3
Calculate the highest common divisor of 22 and 4983.
11
Calculate the highest common divisor of 852 and 156.
12
Calculate the greatest common divisor of 88 and 72.
8
What is the highest common factor of 22 and 2?
2
Calculate the greatest common divisor of 477 and 106.
53
What is the greatest common factor of 1458 and 12?
6
What is the greatest common divisor of 836 and 110?
22
Calculate the greatest common factor of 636 and 4982.
106
Calculate the greatest common factor of 2187 and 81.
81
Calculate the greatest common factor of 288 and 1024.
32
What is the highest common factor of 529 and 184?
23
Calculate the greatest common factor of 9131 and 5161.
397
What is the highest common factor of 14 and 448?
14
What is the greatest common divisor of 1280 and 20?
20
Calculate the greatest common divisor of 56 and 64.
8
What is the greatest common factor of 63 and 22113?
63
Calculate the greatest common divisor of 100 and 10725.
25
Calculate the highest common factor of 58 and 21286.
58
Calculate the greatest common divisor of 693 and 7.
7
What is the greatest common factor of 1156 and 68?
68
What is the greatest common divisor of 66 and 66?
66
Calculate the greatest common factor of 407 and 333.
37
What is the greatest common factor of 39 and 624?
39
What is the greatest common divisor of 356 and 100?
4
Calculate the highest common divisor of 50 and 12550.
50
What is the greatest common